e
Let j = 1558 + 218. Suppose -5*m = -2*m - 15, t - 5*m = j. Is t prime?
True
Suppose 20*d - 18995 = 545. Is d a prime number?
True
Suppose -o = -4*u - u + 123, -5*o - 675 = 5*u. Let k = 66 - 122. Let w = k - o. Is w a composite number?
True
Let k = 6022 - 3081. Is k composite?
True
Let s(j) = 33*j**2 + 4*j - 24. Is s(-5) composite?
True
Suppose 3*g - 31570 = -2*o + 2*g, -15807 = -o + 5*g. Is o a composite number?
False
Is (16 - 15)/((-3)/(-10761)) prime?
False
Suppose -2*y - 3*v - 66 = -0*v, 2*y = -v - 62. Let f be (y/(-20))/((-6)/(-8)). Suppose -f*a - 2*z + 170 + 272 = 0, -a + 4*z = -221. Is a a composite number?
True
Suppose 2 = 2*s + 222. Let g = -518 - -725. Let b = g + s. Is b a composite number?
False
Let z = -187 + 275. Let h = 859 - z. Is h a composite number?
True
Let x be (-3)/(-9) - (-23)/3. Let t = 8 - x. Suppose v + 5*i = 118, t = 2*v + 4*i - 3*i - 245. Is v composite?
True
Let u(d) = -11*d + 112. Is u(-27) prime?
True
Suppose -4*a + m - 3002 = 0, -6*m + 10 = -m. Let j = -451 - a. Is j prime?
False
Let w be (-68 + -3)*(0 + 1). Let i = 402 + w. Is i a composite number?
False
Let i(f) = 4*f + 22. Let w be i(-6). Is -3694*(w/(-3))/(8/(-6)) a composite number?
False
Let q = -1502 - -2364. Let s = q - 526. Suppose -242 = -3*n - l, 4*n + l - s = -3*l. Is n a composite number?
False
Suppose -3 = -h - 0*h. Let c(v) = 6*v. Let l be c(h). Suppose -l - 27 = -3*d. Is d a composite number?
True
Is (3898/(-4))/(-9 - 102/(-12)) a composite number?
False
Suppose -30 = -9*b + 3*b. Is (-7)/(7/(-3210)) + b a composite number?
True
Let q = -85485 - -124764. Is q a composite number?
True
Let h = -1328 + 2851. Suppose 397 + 610 = 2*y - 3*j, -3*y + 2*j = -h. Is y prime?
False
Suppose c - 697 + 122 = 0. Suppose 250 = 3*l - c. Suppose -3*w - 44 = -l. Is w prime?
False
Suppose 0 = 4*n - 3*u - 13710, 3*n = -0*n - u + 10276. Suppose -2*g = -n - 268. Is g a composite number?
False
Suppose 4*h - b - 16 = 3*b, 5*h = 2*b + 17. Let g(y) = 735*y**2 - 6*y - 2. Is g(h) prime?
False
Suppose 3 = 4*n - 4*r - 5, 1 = r. Suppose n*m - 6*m = -6. Is m/3 - (-366)/18 a prime number?
False
Suppose 3*a - 18 = -2*t - a, 2*a - 18 = -4*t. Let l(j) = 144*j + 4. Let q be l(t). Let v = q + -173. Is v a composite number?
False
Let q be 393 - (0 + 2/2). Suppose -2*x - 3*x - 10 = 0, -x = -5*k + q. Let t = k - 56. Is t prime?
False
Let l(d) = 4*d**2 + 4*d + 2. Suppose 0 = 2*y - 15 - 1. Let k be l(y). Let i = k + -179. Is i composite?
True
Let m = 1834 + 699. Is m composite?
True
Suppose -129 - 192 = -d. Is d prime?
False
Suppose 0 = -5*g - 5*c - 165, 0 = 4*g - 2*c + 3*c + 117. Is 7/(g/16) - -62 composite?
True
Let d = 66 + 19. Suppose 5*f = x + d, -3*x - x = -f + 397. Let i = -65 - x. Is i composite?
True
Let o(y) = 428*y**3 - 2*y**2 + 5*y - 4. Let u be o(1). Suppose u = x - 6*c + c, 3*x + 4*c = 1262. Is x composite?
True
Let j = -2793 - -5792. Is j composite?
False
Suppose 4*m - 3*i = 14, 3*m - 2*m + 4*i = 13. Suppose -87 = m*l - 2812. Is l a prime number?
False
Let b be (-23*(-2 + 3))/1. Let w = b - -18. Let i(u) = -82*u + 5. Is i(w) prime?
False
Suppose -13*x = -487119 - 205196. Is x a prime number?
False
Suppose 2*t - 1459 = 2887. Is t composite?
True
Suppose -40 = -5*z - 5*z. Suppose b - 1561 = 5*q - 0*q, z*b = 3*q + 6176. Is b a prime number?
False
Suppose -4*z = 5*f - 2531, -f + z = -158 - 350. Let v = -198 + f. Is v a prime number?
False
Let o(n) = 8*n**2 + 7*n - 62. Is o(7) composite?
False
Suppose 0 = -2*r - 3*a + 6760, -2*a - 16911 = -5*r - 4*a. Let n = r - 768. Is n a composite number?
True
Let w(b) = 162*b + 11. Let q be w(16). Let o = -1416 + q. Is o a prime number?
True
Suppose -2*i + 30 = 3*i. Let z be (-2)/8 - (-1917)/4. Suppose z + 199 = i*q. Is q prime?
True
Let r = 10 - -5. Let l(i) = 2*i**2 - 3*i - 6. Let k be l(r). Suppose 4*n + k = 7*n. Is n a composite number?
True
Let g be ((-1*2)/2)/((-11)/8789). Let u = 268 + g. Is u a composite number?
True
Suppose 0*z + 3*c - 493 = -z, -2*z = -3*c - 968. Let l = -264 + z. Is l a composite number?
False
Let t(b) = b - 1. Let d(r) = 367*r. Let x(h) = -d(h) + 6*t(h). Is x(-5) composite?
True
Is 21/(252/96) - -10230 composite?
True
Let f(z) = -953*z**3 - 3*z + z - 2 - 241*z**3 + 118*z**3 + z**2. Is f(-1) a composite number?
True
Suppose -4*g = -4*t - 4, 5*g + 2*t + 3*t = 25. Let m be 3/g + 3 + 5. Let r = m - -2. Is r a composite number?
False
Is 24043074/231 - (-3 - (-54)/21) prime?
False
Is -12409*(6 - (-3 - -10)) a composite number?
False
Suppose 2033 = q - 2*c - 7624, 0 = q - 3*c - 9662. Is q prime?
False
Let b = -94 + 91. Let q(v) = -9*v**3 + 2*v**2 - 7. Is q(b) a prime number?
False
Let f(z) = 22*z + 15*z + 1 + 6*z**2 - 36*z. Is f(6) composite?
False
Let f = 1362 + -340. Let z = f - 387. Is z a prime number?
False
Let m be (-14 - (-2)/(-2))*2/(-6). Suppose 0*n + 275 = 3*n - m*b, 3*n = -5*b + 295. Is n a composite number?
True
Suppose 2*l + 149 = 667. Let w = -80 + l. Let k = -60 + w. Is k composite?
True
Suppose 108 = 3*y - 354. Let x = -453 + 750. Let l = x - y. Is l prime?
False
Let v be 5 - (1 + 2 - 1). Suppose v*s + 3 = 4*s. Let q(n) = 6*n + 5. Is q(s) composite?
False
Suppose 4*m = -5*o - 3455, 0 = 4*o - 2*m - 1048 + 3838. Let w = o - -1558. Is w composite?
False
Suppose -48*f + 77659 + 904757 = 0. Is f composite?
True
Suppose -2*d + 23 + 7 = 0. Let w be (-3)/d - (-2)/10. Suppose -5*m + 1074 + 181 = w. Is m a composite number?
False
Let w(n) = n**3 - 4*n**2 - 94*n + 47. Is w(30) prime?
True
Let l be 40/2 + (-3)/3. Let z = 23 - l. Suppose 5*b + 616 = d, z*b - 1905 = d - 4*d. Is d composite?
False
Let j(h) = 1101*h**2 - 16*h - 1. Is j(4) a prime number?
True
Let y = 81 + -41. Suppose -z + y = z. Suppose 287 = g + z. Is g a prime number?
False
Is ((-2 - -24630) + 3)/(-2 - -3) a prime number?
True
Let q = 14 - 15. Let a be 173/q*15/(-3). Suppose 2*z - a + 71 = 0. Is z prime?
True
Suppose -13*z + 26521 = -82926. Is z composite?
False
Suppose 0 = -2*d - 5*i - 18, 2*i - 3*i = 3*d + 14. Let x(f) = f**2 - 6. Let a be x(d). Is 12494/10 + (-4)/a composite?
False
Is (-89272)/12*3/(-2) a prime number?
True
Is (1688/6 - -7)*(2 + 1) a prime number?
False
Suppose 21*n + 6654 = 27*n. Is n prime?
True
Is (-12)/9 + 31262/6 + 0 composite?
False
Suppose -1000*r - 431344 = -1008*r. Is r a prime number?
False
Let b = 342 + 224. Is b prime?
False
Is 4*((-14199)/(-4) + (-3)/6) a composite number?
False
Let v(h) = h**3 - 15*h**2 - h + 15. Let y be v(15). Suppose -8*f + 5342 = -3*f - g, y = -4*f + 4*g + 4264. Is f composite?
False
Let m(p) = 18*p + 15. Let h be m(-10). Is (34/(-3))/(22/h) a prime number?
False
Suppose 0 = 12*c + 4*c - 64. Suppose c*u - 3*u - 259 = 0. Is u a prime number?
False
Let z(m) = 7*m**2 + 31. Suppose 0 = -2*l - 0*l - 10, 5*i + 4*l = 30. Is z(i) a prime number?
False
Let j(t) be the first derivative of -5*t**4/4 - 8*t**3/3 - 6*t**2 - t + 12. Is j(-6) a composite number?
False
Let n be (-3)/6*6 + 21/7. Let b(d) = -d**3 + d**2 + 0*d**3 - 25 + 60. Is b(n) a composite number?
True
Suppose 2*i = -0*i - 26. Let q be (-2)/(-13) + (-9969)/i. Suppose -3*s + 2*t + q = -1148, 0 = -3*s - 4*t + 1885. Is s a composite number?
True
Let h be 6/2*(-329)/(-21). Suppose -2*z + 5*g = 61, 4*z + 7*g + h = 2*g. Is (1 - 3)*477/z a prime number?
True
Suppose u = 130 + 268. Suppose u*k + 614 = 400*k. Is k prime?
True
Let j(d) be the third derivative of d**5/24 + 7*d**4/24 - d**3/2 + 3*d**2. Let r(u) be the first derivative of j(u). Is r(11) composite?
True
Let i = -2424 - -2895. Is i a composite number?
True
Suppose 0 = 2*g - 2*r - 4, 3*r - r = 5*g + 2. Let d(n) = -128*n**3 + 2*n**2 + 3*n + 2. Let q be d(g). Suppose 6*u - q = 2*u. Is u a prime number?
True
Let q = 1065 + 884. Is q prime?
True
Let c be ((-90)/(-40))/((-3)/8). Let v be 16 + (-1)/2*c. Let h = 44 - v. Is h prime?
False
Let m(j) = 27*j + 3527. Is m(0) a composite number?
False
Let x be 4/((-48)/(-9))*12. Let s be -1 + 3/(-3) + x. Suppose -3*b - 628 = -s*b. Is b composite?
False
Suppose 6*a = 14058 + 2622. Suppose a = b - 383. Is b prime?
True
Let i be ((-45)/(-25))/((-9)/(-75)). Suppose -i*l + 5*l = -103690. Is l a prime number?
True
Let c(k) = 0*k + 16 - 3*k + 21 + k. Is c(0) prime?
True
Let g(h) = 5*h + 10. Let j(t) = -t - 1. Let v(r) = g(r) + 6*j(r). Let q be v(2). Is (26 - 28)